 what is -706 - 1?
-707
In base 5, what is 11310442 - 13?
11310424
In base 15, what is -17146d - -4?
-171469
In base 8, what is -1376 - 1304?
-2702
In base 14, what is 11b94 + 43?
11bd7
In base 12, what is -3a - 73?
-b1
In base 10, what is 396 - -187?
583
In base 2, what is -100101 - 11001?
-111110
In base 11, what is -4 - -191818?
191814
In base 16, what is -51 + -491?
-4e2
In base 9, what is 23842 + -166?
23665
In base 13, what is -3a768 - 0?
-3a768
In base 15, what is 3e + 23a5?
23e4
In base 9, what is -6344 - -12?
-6332
In base 9, what is 2018 - 160?
1748
In base 9, what is -25188 - -5?
-25183
In base 3, what is 12101121 + -111?
12101010
In base 16, what is -93c + -11?
-94d
In base 11, what is 1 + 13722?
13723
In base 6, what is 510 + -31455?
-30545
In base 6, what is -24313 - 40?
-24353
In base 5, what is 3002210 - -2?
3002212
In base 3, what is 121001111 + -120?
121000221
In base 4, what is 200213321 - 1?
200213320
In base 6, what is -311135 - -433?
-310302
In base 14, what is 3 - 7b64?
-7b61
In base 7, what is 14233 - 6?
14224
In base 11, what is 9812 + 335?
a047
In base 3, what is 122121122 - 11?
122121111
In base 15, what is 4e6 - -7e?
575
In base 13, what is ba5 + 10a?
cb2
In base 6, what is 1321115 - -34?
1321153
In base 6, what is 201 + 4334?
4535
In base 2, what is 10101100 + -10010001110?
-1111100010
In base 15, what is d0c + 6?
d13
In base 14, what is -595 - -146c?
cb7
In base 14, what is -3aad2 - 9?
-3aadb
In base 8, what is -303 + -1434?
-1737
In base 10, what is 751436 - 9?
751427
In base 16, what is 4 + -1647?
-1643
In base 5, what is -10230 - 11321?
-22101
In base 7, what is -5060315 - 21?
-5060336
In base 14, what is -282 - -d?
-273
In base 5, what is -342 - -10211?
4314
In base 10, what is -1 - 411638?
-411639
In base 11, what is 25763 + 9?
25771
In base 4, what is 2002 + 21?
2023
In base 8, what is -1 - -1773?
1772
In base 3, what is -111 + -22202100?
-22202211
In base 11, what is 3 + 6839?
6841
In base 7, what is -43 - -506566?
506523
In base 15, what is d - -11a?
128
In base 8, what is -1 + -103160?
-103161
In base 12, what is -245b7 + -4?
-245bb
In base 8, what is 7501 - 11?
7470
In base 11, what is 69 + 829?
897
In base 13, what is 6 - 72765?
-7275c
In base 6, what is -12052 - 244?
-12340
In base 2, what is -1100101 - 1101010111?
-1110111100
In base 3, what is 102202 + -200?
102002
In base 13, what is 87cc3c + 2?
87cc41
In base 14, what is -6d + -6573?
-6602
In base 10, what is -24 - 8026?
-8050
In base 7, what is -16103 + 0?
-16103
In base 13, what is b + -3b26?
-3b18
In base 10, what is -2 + 63735?
63733
In base 8, what is 7555657 - -3?
7555662
In base 15, what is -4505b - -1?
-4505a
In base 12, what is -3 - 1588a4?
-1588a7
In base 10, what is -3 - 54013?
-54016
In base 3, what is 20 - 120110100012?
-120110022222
In base 8, what is 704451 - 2?
704447
In base 10, what is 2 + 4004?
4006
In base 3, what is 100 + 2120002111?
2120002211
In base 5, what is -4 - 23103?
-23112
In base 13, what is -1755 - -57?
-16cb
In base 13, what is 3 - a8ba?
-a8b7
In base 6, what is 4 + -1235253?
-1235245
In base 14, what is 142 + aa?
20c
In base 12, what is 27b + -4840?
-4581
In base 10, what is -92 - -28526?
28434
In base 11, what is 133962 + 1?
133963
In base 6, what is 35 - 153203?
-153124
In base 2, what is 1011001001111100000101 - 0?
1011001001111100000101
In base 13, what is -529 + -1357?
-1883
In base 5, what is 344 + -31140?
-30241
In base 7, what is -110 - -4264?
4154
In base 7, what is -156 + 1004?
515
In base 11, what is 2 - -912463?
912465
In base 7, what is 30432 - 1234?
26165
In base 4, what is -200311 - -10230?
-130021
In base 6, what is -10044 - -13341?
3253
In base 7, what is 6 - 332442?
-332433
In base 7, what is -4 + -63122?
-63126
In base 15, what is -1 + 1cc8?
1cc7
In base 8, what is -674 - 17316?
-20212
In base 10, what is -353541 - -5?
-353536
In base 12, what is 4a03 + -229?
4796
In base 5, what is 3 - -1024312?
1024320
In base 8, what is -13662 + -110?
-13772
In base 13, what is -3b1c97 + 3?
-3b1c94
In base 3, what is -10000201012 + 2?
-10000201010
In base 13, what is b54c - -19?
b568
In base 10, what is -6636 - 51?
-6687
In base 9, what is -1 - 18083?
-18084
In base 2, what is -110011111000 + -100111?
-110100011111
In base 10, what is 355890 - 1?
355889
In base 13, what is -4717c6 - 0?
-4717c6
In base 5, what is -10 - -12002?
11442
In base 10, what is 4534 - 86?
4448
In base 8, what is 3 - -1701605?
1701610
In base 15, what is 1 + -3b54?
-3b53
In base 16, what is 1 + -1fc2?
-1fc1
In base 3, what is 2 + 101120012?
101120021
In base 6, what is -1 - -15550501?
15550500
In base 2, what is -100 - -11100101101?
11100101001
In base 10, what is 11312 + 19?
11331
In base 2, what is 11110010001111 - -1001101?
11110011011100
In base 2, what is -100110110110110 + -101?
-100110110111011
In base 4, what is -100101 - -10012?
-30023
In base 8, what is -110 - -2610?
2500
In base 13, what is 1 - 990b9?
-990b8
In base 9, what is 2082 + -21?
2061
In base 8, what is 6 - -1705520?
1705526
In base 5, what is 1012 - -201322?
202334
In base 3, what is -11022000010 + -12?
-11022000022
In base 9, what is -24312 + 31?
-24271
In base 2, what is 1100110101011111110 + -100?
1100110101011111010
In base 12, what is 61 + 11933?
11994
In base 10, what is -2 + 208664?
208662
In base 7, what is 2 - -146555?
146560
In base 8, what is -52571 - -210?
-52361
In base 7, what is 1051 - 1055?
-4
In base 12, what is -2 - 62a10?
-62a12
In base 6, what is -40500244 + -3?
-40500251
In base 5, what is 22 + 103200?
103222
In base 2, what is -10101001000110110111 + -10?
-10101001000110111001
In base 14, what is cda - -179?
1075
In base 6, what is 205 + -10422?
-10213
In base 12, what is -431929 + -1?
-43192a
In base 13, what is 1 - 7c61?
-7c60
In base 13, what is -9b18 - 1?
-9b19
In base 15, what is -bb3 + 61?
-b52
In base 7, what is -5105 - 66?
-5204
In base 6, what is -104 + 3411?
3303
In base 8, what is 3 - -4631422?
4631425
In base 11, what is 10 + -5235?
-5225
In base 9, what is 123461 + -3?
123457
In base 5, what is -10111 + 1143?
-3413
In base 8, what is 263074 + -1?
263073
In base 7, what is -123446 + -3?
-123452
In base 3, what is 1121001111 + 2?
1121001120
In base 4, what is 10 - -1002320?
1002330
In base 16, what is -56 - 20b?
-261
In base 2, what is 1010 - -1000001011100?
1000001100110
In base 16, what is -3 - -10804?
10801
In base 7, what is -262021 + -231?
-262252
In base 13, what is -63a + -20?
-65a
In base 14, what is c7c8 + 4?
c7cc
In base 8, what is 0 - -212263?
212263
In base 14, what is -4a - -27cd?
2783
In base 13, what is -2c5 + -638b?
-6683
In base 11, what is 5a - -14282?
14331
In base 14, what is dd56 - 5?
dd51
In base 16, what is -380 + -39?
-3b9
In base 12, what is 3076 + -4?
3072
In base 11, what is 2 - -13849?
13850
In base 4, what is 201 + -332032?
-331231
In base 15, what is 67 - 129?
-b2
In base 2, what is -11 + 110100100000001?
110100011111110
In base 3, what is -12 - -2011121000100?
2011121000011
In base 5, what is 1202214 + 120?
1202334
In base 10, what is -255192 - 9?
-255201
In base 3, what is 202202112 - 21222?
202110120
In base 12, what is 633 - -2?
635
In base 3, what is 10 - 120112011?
-120112001
In base 10, what is -1568414 + 2?
-1568412
In base 6, what is 1 - -1141425?
1141430
In base 8, what is -17 + 503613?
503574
In base 7, what is 1 + -166456?
-166455
In base 9, what is 64653 + -14?
64638
In base 11, what is 9863 - -64?
9917
In base 8, what is -33 - -411701?
411646
In base 15, what is 171 + -307e?
-2e0d
In base 11, what is -14a17 + -8?
-14a24
In base 13, what is -5 - -2057?
2052
In base 3, what is -120210201 - 112?
-120211020
In base 13, what is c2295 + -1?
c2294
In base 12, what is 4 + -98120?
-98118
In base 2, what is -1010100100000001011 - 1?
-1010100100000001100
In base 6, what is 11222332 + 5?
11222341
In base 12, what is -194a59 + -2?
-194a5b
In base 5, what is -202200 + -20?
-202220
In base 5, what is -112020 + 131?
-111334
In base 13, what is -17 - 25b5?
-25cc
In base 5, what is -142314313 - 11?
-142314324
In base 6, what is 2021 - -4433?
10454
In base 13, what is 111 + 769?
87a
In base 10, what is -63623 + -1?
-63624
In base 3, what is 11 - 2212212?
-2212201
In base 13, what is 0 - -4780?
4780
In bas